*p + 3*o = -2 - 4, -1 = -2*p - o. What is the remainder when w(y) is divided by p?
2
Let y(m) = 5*m**2 + 66*m - 34. What is the remainder when 82 is divided by y(-14)?
16
Calculate the remainder when (-967)/(-9) - 220/495 is divided by 29.
20
Let g(a) = 1. Let m(j) = -j + 9. Let z(k) = -2*g(k) + m(k). Calculate the remainder when z(0) is divided by (5 + -17 + 9)*(-2)/3.
1
What is the remainder when 24 is divided by (-243)/108*(-40)/6?
9
Suppose 4*o - 5*t - 92 = -15, 5*t + 8 = o. What is the remainder when (234/(-6) + -4)*-1 is divided by o?
20
Suppose -h = -11 + 17. Let j(t) = 8*t**2 + 2*t + 1. What is the remainder when 1 + 10/h + 455/39 is divided by j(-1)?
4
Suppose 0*q - q = -2*h + 1, 7 = 5*h - q. Suppose -3*w = -3, -2*w + 1 - h = -3*m. What is the remainder when m - ((-14)/2 - 1) is divided by 4?
1
Suppose -4*f = i - 6*i + 112, 0 = -3*i - 4*f + 80. What is the remainder when 76 is divided by i?
4
Suppose 5*t - 305 = 5*k, 4*k - 9*k + 25 = 0. What is the remainder when 197 is divided by t?
65
Suppose -802 - 1248 = j. Calculate the remainder when j/(-26) - (-3 + 74/26) is divided by 39/2 + (-2)/(-4).
19
Let t = 143 - 105. What is the remainder when 417 is divided by t?
37
Let u be 4/((0 + -1)*1). Let b(x) be the second derivative of -2*x**3/3 - 5*x**2 + 8*x - 2. What is the remainder when 16 is divided by b(u)?
4
Let n = 80 - 165. Let w = n + 163. Let z = 14 - -13. Calculate the remainder when w is divided by z.
24
Let y be (3/((-9)/4))/(9/27). Let o = 21 + y. Calculate the remainder when 30 is divided by o.
13
Calculate the remainder when (-3 + 1)/((-10)/165) is divided by 7.
5
Suppose 0 = 2*s - 78 - 32. Suppose 5*r + s = 160. What is the remainder when 103 is divided by r?
19
Let r(j) = j**2 + j - 14. Let y be r(-6). Calculate the remainder when 34 is divided by (-2)/(-4) - (-280)/y.
16
Let j be (-2 - (-8 - -4))*2. Suppose 5*x + a - 507 = 0, -j*a + 274 + 37 = 3*x. What is the remainder when x is divided by 26?
23
Let o(f) = -43*f - 118. Let h = 4 - -1. Suppose -2*x + 35 + 9 = -2*s, h*x - 102 = -3*s. What is the remainder when x is divided by o(-3)?
10
Let m be 2/11 + 3365/(-55). Let f = 146 + m. Let r(x) = 12*x - 2. What is the remainder when f is divided by r(2)?
19
Let i = -1189 - -1383. Calculate the remainder when i is divided by 20.
14
Suppose 4*i + 5*l - 281 = 0, -20*i + 21*i + 5*l = 89. What is the remainder when 507 is divided by i?
59
Suppose 2 = -2*y + 4*y. What is the remainder when 71 is divided by 20 + -1 + (0 - y)?
17
Let h = -181 - -254. Suppose -3*f + h = -5*z - 6, 4*f = -z + 67. Calculate the remainder when 2/1 + (-3 - -36) is divided by f.
17
Suppose 5*r - 20 = 0, -37*n + 40*n - 94 = 2*r. Calculate the remainder when 64 is divided by n.
30
Let f be 4/12 - 77/(-3). Suppose 0*u + 2*u = f. Calculate the remainder when u is divided by 4.
1
Let m be 1/((-3)/(-15) - 0). Suppose -m = -5*j + 10. Suppose 31 = 7*l - 18. Calculate the remainder when l is divided by j.
1
Suppose 3*a = 29 - 23. Calculate the remainder when a is divided by 1.
0
Suppose 11*z + 319 = -0*z. Let w = z - -96. What is the remainder when w is divided by 19?
10
Let m = -35 + 52. Let v = m - -3. Let l = 59 - 20. Calculate the remainder when l is divided by v.
19
Let h = -11 - -69. Calculate the remainder when h is divided by -2 + (-22)/(-10) - (-4736)/320.
13
Let c(p) = -4*p + 6. Suppose -2*w = -5*j + 393, 4*j = 2*j - 4*w + 138. Calculate the remainder when j is divided by c(-5).
25
Suppose -c - 2*c - 5*z = -302, 0 = -4*c + z + 418. Let b = -792 - -827. Calculate the remainder when c is divided by b.
34
Let u(v) = -5*v + 8. Let t be u(-6). Suppose -t*n + 43*n - 165 = 0. Suppose 3*r = -0*r + n. Calculate the remainder when 42 is divided by r.
9
Let n = -43 - -59. Let l(j) = j - 7. Let q be l(7). What is the remainder when q + (132/3 - -1) is divided by n?
13
Let w(f) = f**3 - 9*f**2 + 3*f - 19. Suppose i = -2*i + 9. What is the remainder when w(9) is divided by i?
2
Let c be 3 - (2 - (1 + 3)). Suppose 0 = c*a - 9*x + 4*x - 70, -4*a + 49 = 3*x. Let q = -8 - -57. What is the remainder when q is divided by a?
10
Let y = -1425 + 1502. What is the remainder when y is divided by 14?
7
Let i = 1159 - 299. Calculate the remainder when i is divided by 41.
40
Let a(u) = 18*u**2 - u + 3. What is the remainder when a(1) is divided by 7?
6
Suppose -59524 = -32*p - 60*p. Calculate the remainder when p is divided by 93.
89
Suppose 15 = 3*j - 0*j + 3*d, -7 = -j - 3*d. Suppose -j*u = 6 - 58. What is the remainder when u is divided by 8?
5
Suppose -5*n + 28 = -3*n. Let k = 15 - 13. Let m = n - k. What is the remainder when 35 is divided by m?
11
Let y(o) = -11*o**2 + 104*o + 12. What is the remainder when 453 is divided by y(9)?
54
Let h(u) = -54*u**3 - 21*u**2 - 33*u - 2. Calculate the remainder when h(-2) is divided by 3.
1
Let r = 1129 + -852. Calculate the remainder when r is divided by 31.
29
Let o(m) = 16*m**2 + 25*m - 21. Let w(x) = -3*x**2 - 5*x + 4. Let q(k) = -2*o(k) - 11*w(k). Calculate the remainder when 132 is divided by q(-9).
30
Let h = 59 + -51. Suppose -39*k - h = -43*k. Calculate the remainder when 7 is divided by k.
1
Let g(d) = -d**3 - d. Let u be g(-1). Suppose -u*s + 216 = s. Suppose -3*q = -5*q - 6, -4*n + 4*q + s = 0. Calculate the remainder when n is divided by 6.
3
Let y(t) = 23*t**2 + 3*t - 8. What is the remainder when 264 is divided by y(2)?
84
Let j = -104 + 152. Calculate the remainder when 82 is divided by j.
34
Suppose 0 = 3*x - 17 - 7. Suppose 14 = x*z - 7*z. What is the remainder when 67 is divided by z?
11
Let s = 66 - 29. Suppose 3*k + 2*k + 5*q + 35 = 0, -q = 1. Calculate the remainder when s is divided by -2 + ((-88)/(-6) - 2/k).
11
Suppose 30*t - 60 = 25*t. What is the remainder when 154 is divided by t?
10
Suppose 17*a - 1734 = -17*a. What is the remainder when 406 is divided by a?
49
Let l(v) = -11*v - 58. Calculate the remainder when 564 is divided by l(-11).
60
Suppose -t + 4*t = 6. Suppose -3*h = x + 2*h - 36, -3*x + 108 = -t*h. Suppose -2*s = s - x. What is the remainder when 21 is divided by s?
9
Suppose 31 = 2*r + 8*l - 3*l, r - 2*l + 7 = 0. Suppose -2*o = -o + 12. What is the remainder when r is divided by 4/o*(-5 + 2)?
0
Suppose -14*n - 240 = -18*n. Suppose 2*z - 2*o - 19 = 5, -3*o + n = 5*z. What is the remainder when 117 is divided by z?
9
Let c(j) = j**3 + 9*j**2 + 10*j + 9. What is the remainder when c(-6) is divided by 3?
0
Let q(n) = -n**3 + 5*n**2 + 3. Let t be q(5). Suppose -4*k + 40 = 2*z, -k + 5*z - 15 = -t. Let g(s) = 14*s. What is the remainder when g(1) is divided by k?
6
Suppose -5*w = -j - 338 + 31, 2*w + 2*j = 118. What is the remainder when 730 is divided by w?
59
Let s(j) = -j**3 - 13*j**2 + 18*j - 24. What is the remainder when s(-15) is divided by 53?
50
Let r(w) = 153*w - 1. Let g be 2*(15/(-6))/(-5). What is the remainder when r(g) is divided by 31?
28
Let w be (6/5)/(137/(-70) - -2). Suppose -23 - w = -3*b. What is the remainder when 64 is divided by b?
13
Suppose 58 + 90 = 4*d + 4*h, -4*d + 5*h = -148. Calculate the remainder when 68 is divided by d.
31
Suppose 10*l - 5*l = 20. Let j be (38/8)/(1/l). Suppose -a - 6 = -4, -3*d + 2*a + j = 0. What is the remainder when 14 is divided by d?
4
What is the remainder when (-322)/21*(-9)/1 is divided by 48?
42
Let j(c) = -c**2 + 22*c + 24. Let q be j(22). Suppose -3*i = b + q - 97, -2*i + 30 = -4*b. Calculate the remainder when i is divided by 13.
10
Suppose 5*j - 2*z = 81, -j + 24 = -7*z + 4*z. Let b = 51 - 9. Calculate the remainder when b is divided by j.
12
Suppose -5*k - 2*c = -157, -96 = -5*k - 3*c + 57. What is the remainder when 128 is divided by k?
29
Suppose 2*r - 368 = 4*k, 3*r + 2*r + k - 953 = 0. What is the remainder when r is divided by 37?
5
Let q(d) = 2*d**2 + 7*d + 210. What is the remainder when q(-22) is divided by 79?
76
Let l be 9/(-3)*(-35)/15. Let m(x) = -x + 22. Let u(a) = -7. Let i(t) = -3*m(t) - 8*u(t). What is the remainder when i(l) is divided by 6?
5
Let r(x) = -2*x**2 + 18*x + 9. Calculate the remainder when 30 is divided by r(9).
3
Suppose 30*t - 18*t - 180 = 0. Calculate the remainder when 115 is divided by t.
10
Let g = 16 - 4. What is the remainder when g/(-18) - (-446)/3 is divided by 50?
48
Let s = 7 + -2. Suppose a + 85 = 